 k. Calculate the highest common divisor of k and 130.
10
Suppose -18*u + 5*u = -91. Suppose 6*h - u*h = 3*x - 440, -x - 3*h + 160 = 0. Let b = 184 + -126. Calculate the highest common factor of b and x.
29
Suppose -l = 3*d - 1, -3*d = -2*l + 55 - 17. Suppose -17*b = -l*b - 20. Let m be 12/21 - 1 - 340/(-140). What is the highest common factor of b and m?
1
Suppose -2*n - 4 = -3*y, 60*n - 32 = 57*n - 5*y. Calculate the greatest common divisor of 788 and n.
4
Suppose 5*h = 75 - 5. Let j(f) = -f + 20. Let x be j(h). Let l be 32/4*(-99)/(-44). Calculate the highest common factor of x and l.
6
Let d = 552 - 447. Suppose -4 = -4*v + b + 248, 4*b + 126 = 2*v. What is the greatest common factor of v and d?
21
Suppose -507 - 431 = -6*h - 794. Calculate the greatest common factor of h and 328.
8
Suppose -195 = -4*v + 2*q - 7*q, q + 42 = v. Let y = v - 82. Let c = -22 - y. What is the highest common factor of c and 165?
15
Let d = -19 + 19. Suppose -u = -d*u - 132. Suppose 797*m - 779*m - 216 = 0. Calculate the greatest common divisor of m and u.
12
Let s(k) = -2*k**3 + k - 1. Let u be s(-2). Let n = 88 + -81. Let r = n - -97. What is the greatest common divisor of r and u?
13
Let v(u) = -4*u**3 - 2*u - 2. Let t be v(-1). Suppose -t*r + 32 = -2*q, -8 = -2*r + 3*q + 12. Calculate the highest common factor of r and 91.
7
Let y = -1261 - -1268. Let i = -70 + 119. Calculate the highest common divisor of i and y.
7
Let u be (-30)/6*(-6 + (-28)/(-20)). Calculate the greatest common divisor of 15295 and u.
23
Let n = 80 + 110. Let k(h) = 6*h**2 - 7*h + 1. Suppose 4*m = 0, -a - m - 3 = -0*m. Let v be k(a). Calculate the highest common divisor of n and v.
38
Let g(a) be the second derivative of 19*a**4/12 + 5*a**3/3 + 12*a**2 - 23*a - 2. Let d be g(-6). Calculate the greatest common divisor of 72 and d.
72
Let s = 442 - 277. Suppose 2*q = -4*c + 622, 5*q - 1611 = -0*q + 4*c. Let m be (-1 + 7)*q/58. Calculate the greatest common factor of m and s.
33
Let q(b) = 21*b - 32*b + 127 - 79 - 24*b - 70. Let r be q(-2). What is the greatest common divisor of 256 and r?
16
Let j be ((9/(-5))/((-21)/35))/((-24)/(-1664)). Calculate the highest common factor of j and 1274.
26
Let v be (-439 - (1 - 3))*-2. Suppose 7*t + v = 26*t. Suppose 2*r - 26 = 20. Calculate the highest common factor of t and r.
23
Let c be (-479 - -5)*(-650)/300. What is the highest common factor of 1343 and c?
79
Let l(b) = -b**3 + 3*b**2 + 2*b - 3. Suppose -9*u - 16 = -61. Let c = 8 - u. Let s be l(c). What is the highest common divisor of s and 27?
3
Suppose -2*h = c - 200, -3*c + c - 300 = -3*h. Let u = -45573 - -45648. Calculate the greatest common divisor of h and u.
25
Let b be (25/(-200) + 10394/(-48))*(-3)/2. Calculate the highest common divisor of b and 4160.
65
Let g(j) be the second derivative of 1/20*j**5 - 13/6*j**3 + 9*j**2 + 5/6*j**4 - 3*j + 0. Let s be g(-11). Calculate the greatest common divisor of s and 5.
5
Let k(t) = 4*t**2 + 38*t - 29. Suppose -9*j - 120 = -j. Let h be k(j). What is the greatest common divisor of h and 43?
43
Let k = 171 - 129. Suppose 17*y = 13*y. Suppose -3*b - 6*b + 126 = y. What is the greatest common factor of b and k?
14
Suppose 0 = 2*l + 3*t - 1605, -107*l = -102*l + t - 4045. Let y(b) = -2*b**2 + 13*b - 2. Let i be y(4). Calculate the highest common factor of l and i.
18
Let c be (4/2)/(2/22). Let s(a) = -a**2 - 12*a - 11. Let p be s(-12). Let w be ((-10)/3)/(p/363). Calculate the highest common factor of w and c.
22
Let c(n) = 7*n**2 - 254*n + 759. Let m be c(3). What is the greatest common factor of m and 7485?
15
Let z = -31517 - -31999. What is the greatest common divisor of 21449 and z?
241
Let o = -2 - -21. Let f be 1/(1/(-2)) + (-5 - -7 - -10 - 2). What is the highest common divisor of o and f?
1
Suppose 21*x - 917 = -77. Suppose 10 = m + 1. Suppose 8*p - m*p = -x. What is the highest common factor of p and 360?
40
Suppose 4*o + 1778 = 4*m + 1694, -o + 189 = 6*m. Let z be 2/(-3)*-12 - 2. What is the greatest common divisor of z and m?
6
Suppose 6 = 2*s, 3 = 2*p - s - 0*s. Suppose -2*v - p*c = -23, -3*v - 4*c = -72 + 40. Calculate the greatest common divisor of v and 26.
2
Suppose -o - o - 3438 = 0. Let k = -1136 - o. Let w be 53 - ((-3 - -3)/(-4))/1. What is the greatest common factor of w and k?
53
Suppose -5*g - 25 = -p - 4*p, 0 = g + 5*p - 25. Suppose -48 = -g*d - 3*d. Suppose 4*b + 23 - 16 = 15. Calculate the greatest common factor of b and d.
2
Let b = -3493 - -3858. What is the highest common divisor of 949 and b?
73
Let v(w) = 10*w + 13*w**2 - 78*w**3 + 7*w**2 - 5*w**2 - 11 + 76*w**3. Let n = -2 + 10. Let z be v(n). What is the greatest common factor of 5 and z?
5
Let b(m) = m**3 - m**2 - 4*m + 5. Let k(j) = 8*j + 54. Let n be k(-6). Let s be b(n). Calculate the highest common factor of s and 46.
23
Suppose -4*m + 15080 = -7772. Calculate the highest common divisor of 197 and m.
197
Let u be (28/21)/(21128/(-21132) - -1). What is the greatest common factor of 12 and u?
12
Let u(k) = -7 + 135*k**2 + 2 - 3 + 22 - 13*k + 18. Let g be u(2). What is the highest common divisor of 26 and g?
26
Let f be ((-11)/3)/(4/(-780)). What is the highest common factor of 130 and f?
65
Suppose -6*k = 4*j - 11*k - 2624, 0 = j - 2*k - 656. Suppose -5*u + t + 262 = -3*u, -2*t - j = -5*u. What is the highest common factor of u and 12?
12
Let b = -35 + 0. Let v = b + 38. Let c be (20/50)/(v/45). What is the greatest common divisor of c and 30?
6
Suppose 9*s = -w + 7*s + 13, 5*s - 20 = 0. Let g be (-1)/w - (-67758)/115. What is the greatest common factor of 31 and g?
31
Suppose -3*p = -3256 - 23234. Suppose 38*o - p = 20240. Calculate the greatest common divisor of o and 9.
9
Let h be (1/(-2))/((-5)/(-90)). Let t be 366 + 1/((-3)/h). Suppose -505*f = -509*f + 164. What is the greatest common divisor of t and f?
41
Suppose 2*l - 10 = -0*a + a, 5*l = 0. Let d be -5*a/(-100)*(-16)/2. What is the greatest common divisor of d and 28?
4
Suppose 1342 = 34*l - 23*l. Suppose 0 = 5*f - 5*v - 200, f = -2*f + 5*v + l. Calculate the highest common divisor of 52 and f.
13
Let n = 37828 + -37672. What is the greatest common factor of 3952 and n?
52
Let k(d) = 9*d. Let v be k(5). Let m = 5616 - 5589. What is the greatest common divisor of v and m?
9
Let i(y) = 9*y + 2. Let z be i(2). Let f = 128 - z. Let t = 4112 + -4100. Calculate the greatest common divisor of t and f.
12
Suppose 5*j + k = 82, 3*j = -4*k + 4 + 52. Calculate the highest common divisor of 5296 and j.
16
Let v = -3829 + 4312. Calculate the highest common factor of 5152 and v.
161
Suppose 5*u - 3*n = 694 - 170, 2*n + 314 = 3*u. Suppose -25*x = -244 - u. What is the greatest common factor of 119 and x?
7
Let l = 30 + 2. Let p(u) = 18*u - 136. Let w = 33 - 21. Let b be p(w). What is the highest common divisor of b and l?
16
Let x = 3628 - 2823. What is the greatest common divisor of x and 35?
35
Let y be 1043/11 - ((-168)/(-44) + -4). Let m be (-2)/(-5) + 2242/y. Calculate the greatest common divisor of m and 36.
12
Let y(z) = -6*z - 27. Let h(u) = -5*u - 122. Let w be h(-21). Let j be y(w). What is the greatest common divisor of j and 60?
15
Let s(f) = f + 3. Let y be s(3). Suppose 4*t + a = 10, -5*t = -3*t - 5*a + y. Suppose -16*p - 5 = p - 107. Calculate the greatest common factor of p and t.
2
Let g = 4524 - 4473. What is the highest common divisor of 63 and g?
3
Suppose -24*f - 2350 + 442 = -130*f. Let g = 3 + 19. Let m = 76 - g. Calculate the greatest common divisor of f and m.
18
Let a be (-1 + 13/3)/(30/(-540)). Let t = a + 246. What is the highest common divisor of 6 and t?
6
Let m(f) = f**2 + 8*f + 19. Let c be m(-5). Let p(i) = 10*i**2 - 8*i - 2. Let q be p(c). Calculate the greatest common factor of 162 and q.
18
Let g be 40332/(-33)*-1 - 6/33. Suppose -5*i + g = -4*f, 5*i - 2*f - 739 = 477. What is the greatest common factor of 22 and i?
22
Suppose -60*c - 14200 = -3*j - 62*c, -j - 4*c = -4720. What is the highest common factor of j and 192?
64
Let a(g) = -g**3 - 9*g**2 - 12*g - 27. Let r be a(-8). Suppose 0 = -q + r*q - w - 383, 0 = -2*w + 2. What is the highest common factor of 12 and q?
12
Let p = 116 + -88. Let c be p/3*(-10)/(40/(-78)). What is the highest common divisor of 14 and c?
14
Suppose -16